 -10) - -2)?
-22
Calculate -5 + (6 - (22 + (10 - 45))).
14
(-64 - -63) + 38 - -55
92
What is the value of 14 - (4 + (12 - 14) + (10 - 0)) - -136?
138
Evaluate -23 - (0 - (-19 + 24 - 9)).
-27
What is 37 + (0 + -46 - (-184 - -151))?
24
What is the value of 22 - (-5 + 9 - -42) - -3?
-21
Evaluate 15 + -15 + 13 + 11.
24
Calculate -13 + -21 - (7 - (-1 - 5 - -4)).
-43
Evaluate 7 - 142 - (2933 - 3159).
91
What is the value of 21 + (-37 - (29 + -9 + (-4 - 7)))?
-25
What is -21 - (-2 + (-186 - -147) + (4 - -11))?
5
What is the value of (1 + (-13 - 6) - -11) + 11 - (-14 + -62)?
80
Evaluate -46 - (-23 + 13 - (-14 - (-6 + 1))) - 7.
-52
Evaluate (335 - 338) + 1 + 20 - (-27 - -7).
38
What is 51 - (-20 + 33 + 1 + 7)?
30
(-114 - (52 - 19 - (-11 - -33))) + 2 + -6
-129
Evaluate (-15 - 6) + -14 + 15 - 16.
-36
Evaluate (-2 + 1 - -121) + (-54 + (-2 - -10) - -57).
131
Evaluate (-12 - (-13 + 1 + (-21 - (27 + -52)))) + -3.
-7
Calculate 0 + -2 + 0 + (127 - 120) + -3.
2
Evaluate 1 + 16 + -288 + 294 - 37.
-14
Calculate (-46 - (-3 - -3)) + 36 + (-23 - 6).
-39
Calculate 0 + (2 - 4) - (370 + -315).
-57
What is -9 + (20 - (53 + -10) - (14 - -1))?
-47
What is the value of -9 + (-70 - (-154 - -73))?
2
What is 16 - (-62 - -33 - (5 + -13))?
37
-11 + (7 - (2 + 40))
-46
Evaluate -128 + (40 - -50) + 122.
84
What is -7 + (-5 + 7 - (-14 - 1))?
10
What is the value of 51 + 0 - (-20 - -30 - -9)?
32
Calculate -9 + 36 + -9 + -14 + 27.
31
What is 2 + (19 - 24) - (-6 - 1) - (-1 + 62)?
-57
What is the value of -50 - (4 + 17 + -84)?
13
Evaluate 48 + (-24 + -36 - -9).
-3
What is -1 + 47 + -31 - 134 - (-17 - 2)?
-100
What is -24 + 44 + 38 + (25 - 115)?
-32
Evaluate -13 - (3 + 0 - (-2 + 6)) - (1006 + -1006).
-12
What is (10 - (-6 + 23 + -8)) + 80 + (-13 - -22)?
90
(-41 - -4) + 117 + 36 + -76
40
-15 + -59 - (-155 + 0)
81
-5 + (0 - (0 - 6)) + 2 - (-52 - -46)
9
Calculate 5 + -9 + -15 - -79 - 18.
42
What is the value of 13 + -54 + 6 + 6 + -27 + 41?
-15
Evaluate (0 - (-4 - -1) - -7) + (13 - 2) + -31.
-10
(9 - -39) + (17 - 48 - -24)
41
What is (7 - (1 - 1)) + (69 + 6 - 39) + 9?
52
Evaluate -7333 + 7315 - (0 - 127 - -3).
106
What is 6 + (21 - 10) + -36 - -6?
-13
What is the value of 19 + (22 - (-8 - (-48 + 22)))?
23
What is 0 + 23 - -54 - 146?
-69
What is the value of -16 - ((-4 - -10) + (-22 - -4) + 3 + -37)?
30
Evaluate (-34 + 17 - (-10 - -11)) + -26.
-44
Evaluate 34 + 3 - (15 - ((-1 - -20 - 40) + 35)).
36
19 + (-1 - 4) + (-10 - (-5 + -11))
20
What is the value of (2 - (-12 - -5)) + 10 + -28 + 20?
11
Evaluate (-95 - -33) + 85 - -101.
124
What is 13 - 1 - (-10 + 2 - (-15 + -6))?
-1
What is the value of 23 + 23 + -46 + -63?
-63
Calculate 50 + -5 - -23 - -8.
76
Evaluate -2 - (-6 + 24 + -11 - (-7 - -3 - 8)).
-21
What is -43 - (-3 + (-18 - -34) - (0 - -5))?
-51
Evaluate -12 - (-18 + (29 - -3)).
-26
101 + -168 + (8 + -3 + (4 - 19) - -5)
-72
Calculate (-1 - 1 - -14) + (12886 - 12904).
-6
Evaluate (20 - (-27 + 21) - 30) + 4.
0
What is -34 + 123 + 15 + -58?
46
Evaluate 13 + (-11 + 3 - (-72 - -84)).
-7
What is -11 - (16 - 1 - (-24 - (8 + -8 - 62)))?
12
Calculate 153 + (-224 - 42) + 99.
-14
What is the value of (-79 - -79) + -1 + 1 + -1 + -86 + -6?
-93
-39 - (-5 + 0 + (-18 - -9) - -7)
-32
What is the value of -5 - (37 + 94 - 56)?
-80
What is 5 + -16 + 14 - (34 + -35)?
4
What is the value of 9 - 10 - (8 - 2 - -3 - 12)?
2
What is the value of 36 + (-39 + 26 - (81 + -6))?
-52
18 - (-21 - (-80 - -32))
-9
What is the value of -39 + -2 + 23 + (-25 - (15 + -16))?
-42
Evaluate 88 + 1 + (-1124 - -1104) + -23.
46
Evaluate -24 + 2 + 1 + (-15 + 40 - 10) + -46.
-52
-40 + 113 + -7 + 2 - (0 - -19)
49
What is (-46 - 2) + -1 - (-55 + -8 + 57)?
-43
Evaluate 4 + (-2 - 4) - ((-1 - 37) + 47) - -90.
79
Calculate -1 + 73 + 12 + (157 + -168 - (-6 - -1)).
78
What is the value of (-38 - -73) + -62 + 13 + 109 + 3?
98
Calculate (94 - 94) + 3 + -22 + -5 - -1.
-23
What is the value of (-15 - (11 + 7 - 19)) + -1 + 6 + 56?
47
What is the value of -26 + (86 + -78 - (11 - -1)) + 10?
-20
Evaluate 10 - (-49 - (-111 + 9)).
-43
What is 1 + -8 + (11 - (-4 + 9)) + 30 + -38?
-9
Calculate -58 - (5 + (3 - 5) + -7 + 1 + 9).
-64
What is (6 - (-4 - -8) - 48) + 34 + -21?
-33
Calculate -2 + (-3 - -3) + 100 - (-5008 - -5026).
80
Calculate (1 + 14 - (26 + -55)) + (-2 - -1).
43
Evaluate (-1 + -1 + 2 - -20) + (-138 - -93) + 45.
20
-29 - ((233 - 223) + (-14 - -1))
-26
What is 24 - (-6 - ((11 - (8 + -6)) + -15))?
24
Calculate 1 - (8 + (12 - 41)) - (8 + -6).
20
Calculate (5 - -90) + 2672 + -2856.
-89
(86 - 72 - (2 + 3)) + -13 - 19
-23
Evaluate (-59 - -163 - 21) + -46.
37
Calculate 56 + -2 + -111 + 112 - (-1 - -9) - 12.
35
What is 62 + -68 + 81 - (-3 - -5 - -15)?
58
Evaluate (4 - -13) + (-3 + 5 - 15) - 33.
-29
What is 57 + (1 - 23) + -40?
-5
What is the value of 2 - 86 - (87 - (69 - -45))?
-57
What is the value of -1 + (-1 - 7) + (-3 - -49 - 8) + -16?
13
Calculate 53 + (11 - 1 - (-2 - 3 - -13) - -8).
63
(-39 - -15) + 1 + 3 - -8
-12
What is the value of 2 - -19 - (-3 - (-43 - -8))?
-11
What is the value of (0 - -13 - (18 - (42 + (-4 - 18)))) + -41?
-26
Evaluate 20933 - 20930 - (1 - 6 - 0).
8
Calculate (92 - (-12 - (9 + -7 + -8))) + 22.
120
Calculate -14 + (-21 - -10) + 2.
-23
19 + (35 - (-51 - -99)) + (0 - 4)
2
What is 66 + (14 - (5 + 15) - 14)?
46
Calculate -51 + 88 + -119 + 5 + -6.
-83
-7 + (64 - 43 - -23) - 155
-118
(-12 + 1 - (-284 + 273)) + (1 - -2)
3
What is -7 + (2 - -1) + (2 - 8) - (65 + -11)?
-64
-7 - (0 + -4 + 16 + (125 - 131))
-13
Evaluate 13 + (-28 - -7) + (6 - 18).
-20
What is the value of 4 + ((-19 - 3) + 60 - 2)?
40
88 + -24 + (0 - 11)
53
Evaluate 95 + -96 + -1 + 0 - (16 - (-5 - 80)).
-103
Evaluate -6 + (5 - 16) + 6 + -14 - 7.
-32
What is (18 + (16 + -10 - -2 - 8) - 9) + -43?
-34
What is 53 + (-26 - 22) - -58?
63
210 + (-99 - (6 + -15))
120
(58 - 1) + 3319 + -3417
-41
-5 - (1 + -56 + -1 + 13 - 5)
43
Calculate 85 - (3 - (-11 - 19)) - (2 - -1).
49
What is (-36 - -11) + (-274 - -334)?
35
Calculate -40 + 124 + 35 + -55.
64
What is the value of 112 + (-16 + 6 + 42 + -13 - 38)?
93
Evaluate (67 - -7) + -85 - (28 + -4).
-35
Evaluate (-4 - -74 - -17) + (-1 - 11 - (-2 + 2)).
75
Evaluate 30 - (-46 - -100) - -26.
2
Evaluate (53 - (-24 + -5 + 12)) + -23.
47
Calculate 3 + -73 + 127 + -1.
56
Calculate 13 + (-218 + 53 - -62).
-90
What is the value of -9 - ((-7 - -4) + (-5 - (-2 - (-3 - 22))))?
22
-20 + -21 - -30 - (-4 - (8 + -4 - 4))
-7
What is the value of (168 - 145) + (-23 - 2) + 47?
45
Evaluate -28 + -54 + 41 + -2 + -26.
-69
What is the value of 56 + 0 + 6 + 71 + -58 + -19 + -4?
52
What is the value of 27 + (15 + -5 + -8 - (-16 - -18))?
27
What is 9 + 2 - (3 + -9 + -9 - -127) - -6?
-95
Evaluate -43 + -22 - (-9 + 2 - 6).
-52
What is 7 + 63 + -11 + 40 - 6?
93
What is the value of -45 + (61 - (31 + -10))?
-5
Evaluate 93 + (20 - 19) - 70.
24
Evaluate 11 + 0 - (19 + (45 - 82)) - 10.
19
What is the value of 57 + 71 + -68 + -16?
44
What is -11 - 2 - (-37 - -6) - -66 - 18?
66
What is the value of 0 + -32 - (354 + -350)?
-36
Evaluate -4 - (-49 + 55 + -26 - 11).
27
-66 + 0 + (-1280 - -1303)
-43
Evaluate -89 - 1 - (5053 + -5234).
91
Evaluate -8 + (-22 - (-3 + -142)) - 21.
94
What is the value of -11 + -9 + (-18 - 0) - -14?
-24
Calculate (10 - (-1 - 7 - (-56 - -29 - -18))) + 23.
32
(1 - -28) + -18 + (-50 - -68)
29
Evaluate -17 + (6 - -5) + 20 + -36 + 6.
-16
What is 43 + (1 + 19 - (-269 + 275))?
57
Evaluate -10 - (0 - (1 - 3 - -14)).
2
What is the value of -105 - (-10 - (19 - 0)) - 15?
-91
(9 - 37) + -95 + 103
-20
Evaluate (19 - 25 - -64) + 31 + -32.
57
Evaluate 851 - 951 - (11 - -7).
-118
Evaluate 975 + -964 + (14 - 2).
23
What is the value of -20 + (22 - (21 + -33)) + 36?
50
8 + (-37 - ((-20 - (-7 - 1)) + -2))
-15
Calculate (-25 - ((15 - 16) + -7)) + 17.
0
Evaluate 19 + 1 - (2636 - 2599).
-17
What is (175 - 243) + 13 + 48?
-7
Calculate 7 + 0 - (-4 - (-22 - (-7 - 2 - 2))).
0
What is the value of 10 + (67 - (-38 - -56))?
59
What is -2 - 46 - (1524 - 1531)?
-41
Calculate (365 - 323) + (0 - -7).
49
What is 1 - (-63 + (-6 - (-10 + -4 + 8 + 2)))?
66
19 - (46 - (-4 - -35 - 14))
-10
What is 26 - -1 - (-82 - (-115 - -25))?
19
What is the value of 3 + (38 - 13) + (92 - 131)?
-11
-32 - ((-5 - -7) + -50 + 32)
-16
What is -45 - ((-265 - -35) + 97)?
88
Calculate 108 - 3 - (-3 + -10 